 b - 10. Let r be x(7). Let i be (32/6)/((-1)/r). Let a = i - 3. What is the units digit of a?
3
Suppose 179 - 50 = 2*a + y, 0 = 2*a - 5*y - 99. What is the tens digit of a?
6
Let d = -4 - -44. What is the tens digit of d?
4
Suppose 0*j + 340 = 4*d + 4*j, -4*j = -4. What is the tens digit of d?
8
Let w(t) = -14*t + 14. What is the tens digit of w(-7)?
1
Suppose 0 = 3*j - 303 - 228. What is the hundreds digit of j?
1
Let k be (-10)/(-65) + (-41)/13. Let y(w) = -2*w - 2. What is the units digit of y(k)?
4
Let p be 16 + 0 + 2 + 0. Suppose -3*l + 4*i + p = -9, -5*l + 53 = -4*i. What is the tens digit of l?
1
Let d = -3 - -6. Suppose 5*r - d*r - 26 = 0. Suppose -j = -0*j - r. What is the units digit of j?
3
Let i(x) = x**3 + x**2 + 5*x - 2. What is the tens digit of i(4)?
9
Let a = -12 - -4. Let r = 2 - a. What is the tens digit of r?
1
Let m = -6 - -1. Let z be m*6*3/(-6). Let n = z + -2. What is the tens digit of n?
1
What is the units digit of -1*3*(237/(-9) - -4)?
7
Let s(b) = -b**3 - 5*b**2 - 9*b - 7. What is the tens digit of s(-4)?
1
Suppose -3*a - 9 = -5*i, -14 = -3*i - i - a. Suppose 13 = -i*p - 8. Let y(n) = -n - 3. What is the units digit of y(p)?
4
Let a be (-4)/14 - (-46)/14. Suppose -3*y + a*s + 45 = -2*s, -4*s - 32 = -2*y. What is the units digit of y?
0
Let u(l) be the third derivative of -7*l**4/24 + 5*l**3/3 - 5*l**2. What is the units digit of u(-3)?
1
Let g = 590 + -376. What is the units digit of g?
4
Let r(h) = 2*h**2 - 15*h + 7. Let i be r(10). Let x = i + -26. What is the tens digit of x?
3
Suppose -v + 66 = -72. What is the hundreds digit of v?
1
Let u be (0/(-2))/3*1. Suppose 2*n + 5 = n. Let k = u - n. What is the units digit of k?
5
Let h = -10 - -18. What is the units digit of h?
8
Suppose 0*o - 2*o = 2*h - 66, 3*o = 0. Let n(a) = a**3 - a**2 + a - 19. Let l be n(0). Let q = h + l. What is the units digit of q?
4
Suppose -2*j + 300 = 2*a, 0 = 5*j - 6 - 4. What is the units digit of a?
8
Suppose 2*k = 2*b - 46, 102 = 4*b - 3*k + k. Suppose b = 2*v + 2*v. What is the units digit of v?
7
Suppose -f - 2*y = -44, -3*y = -3*f - 4 + 91. What is the tens digit of f?
3
Let l(b) = -b**2 + 18*b + 8. What is the tens digit of l(14)?
6
What is the tens digit of (-12)/(-48) - 526/(-8)?
6
Suppose -334 = -3*y - b - 0*b, 5*b = -3*y + 338. What is the hundreds digit of y?
1
What is the tens digit of (-8)/(2/(-4) + 0)?
1
Let l be 2 + -3 + 4/2. Let s = l + 6. What is the units digit of s?
7
Suppose -p - 4 = -1, 5*i + p + 3 = 0. Let s(h) = h**2 + h + 9. Let m be s(i). Suppose t + m = 4*t. What is the units digit of t?
3
Let a be 0*(-1)/2 - 5. What is the units digit of 5 - ((-6)/3 - a)?
2
Suppose 58 = 2*i + 2*t, -2*i - 2*i - 3*t = -114. Suppose 4*y - i + 7 = 0. Let f = y - 1. What is the units digit of f?
4
Let n(q) = q**2 - 8*q - 15. What is the tens digit of n(-8)?
1
Let p(i) = i**2 - 6*i + 18. What is the units digit of p(9)?
5
Let n(r) = 8*r + r**2 + 10 - 6 + 9. What is the units digit of n(-10)?
3
Let f(o) = -o**3 - 10*o**2 + 4*o + 10. Let q(g) = -g**2 + g + 1. Let a(s) = f(s) - 4*q(s). What is the units digit of a(-6)?
6
Let w(i) = -10*i - 1. What is the units digit of w(-1)?
9
Let a(b) be the third derivative of -b**4/6 - b**3/3 + 3*b**2. What is the tens digit of a(-3)?
1
Let x = -117 - -224. What is the hundreds digit of x?
1
Let q(w) = 22*w**2 - w + 1. What is the units digit of q(-1)?
4
Let j(d) = d**3 + 3*d**2 - 2*d - 4. Let l be j(-3). Suppose -l*q = -6 - 2. Let u = -1 + q. What is the units digit of u?
3
Suppose -3*g + 5*g = -5*x + 45, -30 = -g - 4*x. Suppose -d = d - 2. What is the units digit of g/8 + d/(-4)?
1
Suppose 2 = -4*b + 2*q + 3*q, q + 6 = 4*b. What is the units digit of b?
2
Let j(s) = s**3 + 16*s**2 + 16*s + 22. What is the units digit of j(-15)?
7
Suppose -5*n = 3*u - 54, 5*n + 14 = 2*u - 22. Suppose 2*f = 4*a - f - u, -a = -5*f - 13. Suppose 0 = 2*w - 3*w + a. What is the units digit of w?
3
Let q(t) = 2*t - 3. Let b be ((-18)/(-8))/(12/32). What is the units digit of q(b)?
9
What is the units digit of 6/1*574/42?
2
Let h(m) be the first derivative of -1/4*m**4 + 2*m - 1 - 4*m**2 - 8/3*m**3. What is the units digit of h(-7)?
9
Let t = 33 - -32. Suppose -8*r + 3*r = -t. What is the tens digit of r?
1
Let u = -57 - -75. What is the tens digit of u?
1
Let v(d) = -3*d**3 + 17*d**2 + 9*d + 20. Let s(w) = -w**3 + 6*w**2 + 3*w + 7. Let a(c) = -17*s(c) + 6*v(c). What is the tens digit of a(-3)?
1
Suppose d = -27 + 71. What is the units digit of d?
4
Let o = 44 + -5. What is the units digit of o?
9
Suppose -2*z + 54 = 3*j, -5 + 22 = z + 4*j. What is the units digit of z?
3
Let x = -20 - -32. Suppose 2*b + 0*b - x = 0. What is the units digit of b?
6
Let b(m) = 13*m - 37. What is the hundreds digit of b(11)?
1
What is the units digit of (-8)/(-40) + (2 - (-114)/5)?
5
What is the units digit of -1 + 2 + 12 + 2?
5
Let h(m) = m**2 - 20*m + 5. Let r(p) = 2*p**2 - 41*p + 10. Let i(d) = 9*h(d) - 4*r(d). What is the units digit of i(17)?
2
Let h(k) = -14*k. Let q be h(-1). Let c = -10 + q. Let y(m) = m**3 - 4*m**2 + 3*m - 4. What is the units digit of y(c)?
8
Let j be 8/4*(-3)/(-6). Suppose y = z - 15, 2*z + y - 37 = -j. What is the tens digit of z?
1
Suppose 2*m + 2*m = 16. Suppose 0 = p - 4*r - 18, -2*p = -m*r + r - 21. Let t = p - 0. What is the units digit of t?
6
What is the tens digit of (4 - 3)*11 + 4?
1
Let f(c) = c**3 - 8*c**2 + 6*c + 10. Let a be f(7). Let n = a + 0. Suppose n*s - 29 = 13. What is the tens digit of s?
1
Suppose -3*b = 2*r - 22, -2*r + 6*r - 3*b - 8 = 0. Suppose 4*y = r*y - 55. What is the units digit of y?
5
Let b = 137 + -46. What is the tens digit of b?
9
Let x(w) = 30*w + 26. Let i(l) = -10*l - 9. Let a(v) = 16*i(v) + 5*x(v). What is the tens digit of a(-6)?
4
What is the units digit of (-2)/(-7) - 656/(-7)?
4
Suppose 380 + 318 = 2*l. What is the units digit of l?
9
Let k = 9 - -39. What is the units digit of k?
8
Suppose -82 = -z - 5*u, -5*z + 4*u = -4*z - 64. What is the units digit of z?
2
Let l(i) = -2*i**3 + 2*i**2 + 3*i - 2. Let y be l(2). What is the tens digit of (2/y - 0)*-26?
1
Let l(f) be the first derivative of f**2/2 - 3*f + 2. What is the units digit of l(5)?
2
Let m(w) = w**2 + 9*w - 1. Let b be m(-10). What is the units digit of (-8)/(-36) - (-358)/b?
0
Suppose 0 = 2*m + 5*n + 21, 3*m + 4*n - 4 = -18. What is the units digit of m?
2
Suppose -88 = -r - 5*b - 7, 465 = 5*r - 5*b. What is the tens digit of r?
9
Let z(h) be the first derivative of h**2 - 3*h - 3. What is the units digit of z(2)?
1
Suppose 105 = p - 5. What is the units digit of p?
0
Let z(v) = v + 1. Let i(j) = 4*j + 2. Let r(s) = i(s) + 2*z(s). What is the units digit of r(3)?
2
Suppose 3*q = -q - 20, 2*j = -3*q + 163. What is the tens digit of j?
8
What is the units digit of -56*(-3)/(3 - 0)?
6
Let o = -58 - -122. What is the tens digit of o?
6
What is the units digit of 1/(-2*1/(-124))?
2
Suppose b + 55 = -2*a + 6*a, 0 = 2*a - 5*b - 5. What is the tens digit of a?
1
Suppose -2*n + 4*n - 170 = -4*t, 1 = t. What is the units digit of n?
3
What is the tens digit of 66/(4 - 3) + -1?
6
Let t = 7 + -5. Suppose t*v + y - 30 = -4*y, 5*v + 3*y - 37 = 0. Suppose 0 = v*l - 0 - 40. What is the units digit of l?
8
Suppose 3*g + 6 = -4*t + 104, 94 = 4*t + 5*g. Let u = -9 + t. What is the units digit of u?
7
Let o = 21 - -55. Suppose -12 - 8 = 5*b, 4*c - o = 5*b. What is the tens digit of c?
1
Let b be (-6)/5*(-40)/12. Suppose 55 = 3*w + b*t - 28, -t + 47 = 2*w. What is the tens digit of w?
2
Suppose r + 2 = 5. Suppose -r*d + 68 = 2. What is the units digit of d?
2
Let s be 2/(-7) + 1236/14. What is the units digit of 4/12 - s/(-6)?
5
What is the units digit of 4/(-18) + 254/9?
8
Let o be (-2 + 2)/(3/3). Suppose 4*h + o*k + k = 30, -3*h + 13 = -4*k. What is the units digit of h?
7
Let y(h) = -h - 1. Let c be y(-4). Let i(b) = b**2 - 4*b + 3. Let t be i(c). Suppose t = -4*q - 2*j + 22, 0 = q + 4*j - 2 + 14. What is the units digit of q?
8
Let j be ((-9)/(-6))/(-3)*-6. Suppose -5 = -2*w - o, -6 + 21 = -j*w + 3*o. What is the units digit of (26 + w)*(-6)/(-12)?
3
Let w be 8/36 + 61/9. Let b(u) = 1 + w*u**3 + 5*u**3 - u**2 + 4 - 4. What is the units digit of b(1)?
2
Let a(y) = -15*y + 8. Let b(t) = t. Let l(d) = -a(d) + 4*b(d). What